(j) = -3*d(j) + 5*l(j). Calculate a(5).
63
Let d(r) = 14*r**3 + 13*r**2 - 4*r - 98. Let u be -1*(1 - 24/8). Let t(p) = -3*p**3 - 3*p**2 + p + 25. Let f(s) = u*d(s) + 9*t(s). Give f(0).
29
Let f(l) be the third derivative of -l**6/120 - l**5/4 + 5*l**4/6 + 22*l**3/3 - 10974*l**2. Calculate f(-16).
-20
Let n(h) = -h**3 - 4*h**2 + 27*h + 50. Let a = -15778 - -15771. What is n(a)?
8
Suppose 0 = -2*t - 2, 2*q - 2*t - 3*t = -13. Let p(y) = -12 - 130*y + 10*y**2 - 46*y + y**3 + 182*y. What is p(q)?
15
Let g(z) = z**2 + 50*z + 217. Suppose -892 = 32*a + 548. Calculate g(a).
-8
Let r = -290 - -271. Let p = 16 + r. Let v(z) = 3*z**3 + 9*z**2 + 2*z + 4. Let y(t) = -t**3 - 3*t**2 - t - 1. Let f(a) = -2*v(a) - 7*y(a). What is f(p)?
-10
Suppose -3*c + 37 = -5*d, 374 = d + 4*c + 363. Let m(q) = -q**3 - 3*q**2 + 6*q - 20. Calculate m(d).
0
Suppose 266*i + 1 = g + 268*i, 4*i = -g + 7. Let k(u) = u**2 + u. Let v(q) = -4*q**2 + 4*q + 18. Let x(c) = 5*k(c) + v(c). Give x(g).
-2
Let y(d) be the first derivative of d**2 - 2*d + 10. Let s(u) = -u**2 + 17. Let q be s(-5). Determine y(q).
-18
Let j(u) = -3*u + 1108. Let v(d) = -8*d + 2585. Let i(k) = 7*j(k) - 3*v(k). Let w = 12 - 5. Determine i(w).
22
Let d(y) = -y. Suppose 0 = 5*g + g - 366. Suppose -g*z = -70*z - 63. Calculate d(z).
7
Let y(z) be the first derivative of 41*z**2/2 + 870*z - 9212. Calculate y(-21).
9
Let j be -4*5/(-28) - 4/(-14). Let h be 2 - (j - 1)/(1/(-1)). Let p be (h/(-6))/(-2 + (-58)/(-30)). Let d(l) = l**3 - 4*l**2 - 7*l + 7. Determine d(p).
-3
Suppose 17*a + 10591 = 10489. Let z(m) = -m**2 - 11*m + 4. Give z(a).
34
Let j(x) = -11*x**2 + 11*x + 15. Let h be j(-1). Let o(f) = f**3 + 9*f**2 + 14*f - 6. Determine o(h).
-6
Let l(w) be the second derivative of -w**5/15 + w**4/12 + w**3/6 - 51*w**2/2 + 14*w + 3. Let p(i) be the first derivative of l(i). Calculate p(-2).
-19
Let a(n) = 57*n - 333. Let o(i) = 57*i - 248. Let y(k) = 3*a(k) - 4*o(k). Determine y(1).
-64
Let l(r) = -r**2 + 6*r + 121. Suppose 648 = 49*q + 214 - 252. What is l(q)?
9
Let a(x) be the first derivative of 7*x**2/2 + 2*x - 208. Let u be -1*(-4)/6 + (-14)/(-6). Determine a(u).
23
Let v(f) = -f**2 - 5*f + 1. Let l(n) = n**3 + 6*n**2 - 17*n + 7. Let b be l(-9). Let s = -87 - b. Let g(z) = -1. Let k(t) = s*g(t) - v(t). Give k(-4).
-1
Let s(j) be the third derivative of -j**5/60 + 2*j**4/3 + 107*j**3/6 + 26*j**2 + 3*j. Determine s(21).
2
Suppose -26*j = -24*j - 14. Let q(l) = -3*l**2 + 7*l + 14. Let p(g) = -2*g**2 + 5*g + 10. Let s(i) = j*p(i) - 5*q(i). Give s(-5).
25
Let k be (-1)/((-36)/8 + 4). Suppose k*q + 18 = 10. Let v(w) = -2 + w + w**2 - 1 - 3*w + w. Determine v(q).
17
Let c(g) = -107*g + 43*g + 0 + 56*g + 19. What is c(8)?
-45
Let o(v) = v**3 + 126*v**2 + 330*v + 10167. Let u be o(-124). Let w(s) = 0 + 0 + 10*s. What is w(u)?
-10
Let r = 46 + -40. Suppose 187 = r*d - 23*d. Let a(b) = -b**3 - 13*b**2 - 22*b + 2. Let p be a(d). Let n(q) = 2*q + 1. Give n(p).
5
Suppose -5*s + 744*o = 747*o - 113, 0 = 4*s - 2*o - 86. Let z(l) be the first derivative of -l**4/4 + 22*l**3/3 - 6*l + 3. Give z(s).
-6
Let b(t) = -t**2 - 39*t + 121. Let y(d) = d**2 + 42*d - 124. Let n(c) = -5*b(c) - 4*y(c). What is n(-31)?
15
Let l(q) = q**2 - 11*q - 40. Let g = 5042 - 5029. Give l(g).
-14
Let l(m) = m**3 + 7*m**2 + 38*m + 187. Suppose 163*y = 126*y - 222. What is l(y)?
-5
Let o(c) = 4*c - 20 - 6*c - c**3 + 47*c**2 + 14*c - 40*c**2. Give o(8).
12
Let l(d) = -5 + 6*d**3 - 2 + 6 + 2*d. Let a = 15 - 11. Let o be 4/a + 2 - 2. What is l(o)?
7
Let v(i) = 7*i**2 + 2*i - 3. Let w = 373 + -368. Let k(n) = n. Let p(l) = 8*l**2 + 7*l - 4. Let m(a) = -4*k(a) + p(a). Let j(u) = w*v(u) - 4*m(u). Give j(1).
2
Let t(k) = k**2 + 3*k + 5. Let v(b) = -b**3 + 3*b**2 - 2*b - 4. Let s be v(2). What is t(s)?
9
Let f(y) = y**3 + 5*y**2 + 4*y + 4. Suppose 14 = -2*q - 2. Let p be (q/4 - -3)*-25. Let r be 54/(-15) + 10/p - 0. Determine f(r).
4
Suppose 48*d + 113 = -65*d. Let s(g) = 16*g**3 + g - 4. Let k(q) = -47*q**3 - 2*q + 11. Let o(c) = -3*k(c) - 8*s(c). Give o(d).
-12
Suppose 5*x + 5*p = 770, 405 + 75 = 3*x - 3*p. Suppose -6*o + x = -83. Suppose -w - o = 4*w. Let g(i) = i**2 + 11*i + 9. Determine g(w).
-15
Let p(l) = l**3 + 4*l**2 + 2*l - 4. Let z be p(-3). Let q(m) = 9*m**2 + 8*m + 2. Let s(g) = g**3 - g**2 - g - 1. Let x(w) = z*s(w) - q(w). Calculate x(-7).
-1
Suppose -3*o - 15 = -0*o. Let m(w) = -18*w - 10. Let x(g) = -8*g - 5. Let p(a) = -3*m(a) + 7*x(a). Calculate p(o).
5
Let c(a) be the third derivative of a**4/24 - 2*a**3/3 + 1458*a**2. Give c(2).
-2
Let l(q) = -q**3 - 13*q**2 + 12*q. Let x be l(-14). Suppose 0 = -4*a + 16, -x = -3*r - r - 3*a. Let z(s) = s**2 - 5*s. What is z(r)?
-4
Let b(q) = -2 - 5*q**2 + 5*q**2 + 310770*q - q**2 - 310767*q. Let k be 1 - 2*(-11)/2. Suppose 3*y - k = -0*y. Determine b(y).
-6
Let j(i) = -i**3 - 3*i**2 + 2*i - 5. Let k(a) be the third derivative of 9*a**4/8 + 293*a**3/6 - a**2 - 15. Let c be k(-11). Give j(c).
3
Suppose g = 8*d + 15, 0*d = 3*g - 3*d - 24. Let y(k) = 8*k - 52. Calculate y(g).
4
Let s(u) = u**2 - 45*u + 77. Let f be s(42). Let d = f - -47. Let h(a) be the second derivative of a**5/20 + a**4/4 - a**3/6 + a**2/2 + a. Calculate h(d).
7
Let u(n) = 5*n**2 + 3*n - 15. Let p(r) = -13*r**2 - 5*r + 31. Let w(d) = 2*p(d) + 5*u(d). Let s(i) = -2*i + 1. Let b(g) = -6*s(g) - w(g). What is b(-9)?
25
Let v(r) be the third derivative of -r**6/60 + r**5/20 + r**4/3 - r**3/2 + 9*r**2 - 2*r. What is v(-2)?
9
Let h(f) = -9*f - 73. Let a be h(-9). Let v(k) = -14*k**2 + 111*k - 5. Give v(a).
-13
Let u(t) = t + 3. Let b = -51 - -50. Let f(q) = -1. Let i(j) = b*u(j) - 3*f(j). Let g = -66 + 70. Give i(g).
-4
Let t(i) = i**3 - 38*i**2 - 38*i - 1677. Let j be t(40). Let l(a) be the first derivative of 7/2*a**2 - 1/4*a**4 + a**j - 11 - 7*a. Give l(5).
-22
Let z(g) = g**3 - 9*g**2 + g - 9. Suppose 3*j - 87 = p, -4*j - 21 = -p - 137. Let h = j - 34. Let x be 4/(-10) - 47/h. Determine z(x).
0
Let b(y) = -y**2 + 12*y - 24. Let q(m) = m**2 - 13*m + 24. Let h(x) = -3*b(x) - 2*q(x). What is h(6)?
0
Let j be 2/16 - 115/(-40). Let u(f) = -2*f - 6 + 7*f - 3*f - j*f. Determine u(-11).
5
Suppose -n = 5*r - 426, 3*r + 406 = n - 2*r. Let w(c) = 1 + 207*c + 210*c - n*c + 1. Determine w(-2).
0
Let o be -3*5/(-15) - ((-14)/(-7) + -1). Let u(r) be the second derivative of -1/4*r**4 - 1/2*r**3 + 1/20*r**5 + o - 2*r - 3/2*r**2. Determine u(4).
1
Let f(r) = -r - 10. Let v(i) = 24*i - 169. Let s be v(7). Let g(o) = -2. Let h(p) = s*f(p) + 3*g(p). Give h(-8).
-4
Let u(n) = -276*n + 554. Let o be u(2). Let g(c) be the third derivative of 0 + 21*c**o + c**3 + 0*c + 5/24*c**4 - 1/120*c**6 + 1/10*c**5. Give g(7).
-8
Let m(i) = -i**3 + 2*i**2 + 4*i. Let t be (24/(-22))/((-298)/1639). Let l be (-2 - (-1 + -1))/(-2). Suppose l = 338*x - 340*x + t. Determine m(x).
3
Let g = -455 - -820. Let w = 360 - g. Let r(j) = 2*j. Give r(w).
-10
Let k(j) = 19*j + 47. Let g be 15*4/20*1. Let o(q) = 7*q + 16. Let s(m) = g*k(m) - 8*o(m). Determine s(-7).
6
Let q(c) = -c**3 - 2*c**2 - 12*c - 4. Let k(o) = o**2 - o. Let p(d) = -6*k(d) + q(d). Let t = -48 - -104. Suppose -8*l + t = -16*l. Calculate p(l).
-11
Let g(k) be the second derivative of -k**5/20 + 11*k**4/12 - 19*k**3/6 - 3*k**2 + 207*k. Calculate g(9).
-15
Let v(n) = -3*n**3 + 2*n**2 - n - 3. Let y(q) = 4*q**3 - 26*q**2 + 22*q - 58. Let o be y(6). Give v(o).
-21
Suppose 5*m - 34 = 3*s, -3*s + 2*m - 18 = 1. Let l(k) = -312013*k + 312012*k + 6 - k**3 - 2*k**3 + 4*k**3 + k**2. Calculate l(s).
-9
Let z(v) be the third derivative of 1/15*v**5 + 0*v + 1/2*v**3 + 0 + 0*v**4 - 1/120*v**6 + 51*v**2. What is z(4)?
3
Let d(m) be the second derivative of -2/3*m**3 + 0 + 20*m + 0*m**2. Determine d(1).
-4
Let b be (7/3)/((-1575)/(-2700)). Let n(s) = -s**3 + 3*s**2 + 2*s + 2. Calculate n(b).
-6
Let s = 404 + -398. Let w(j) = -s + 4 + 5*j + 1 - 4*j - 2. Let t(l) = -l. Let p be t(0). What is w(p)?
-3
Let q(d) = -d**3 - 12*d**2 - 3*d - 16. Let i(a) = -19*a**2 + 52*a + 4. Let p be i(3). What is q(p)?
-104
Suppose 0 = 4*x - x - 15. Suppose -x = 2*q - 3*m, -2*m + 10 = q - m. Let v(a) = -6 + q + a + 1 - 5. Determine v(5).
0
Let y be (18/4 + -1)*2. Let n(w) be the third derivative of -44*w**2 + 0 + 1/12*w**4 + 0*w - 7/6*w**3. Calculate n(y).
7
Let a(o